ivided by 8?
7
Calculate the remainder when 396 is divided by 111.
63
What is the remainder when 383 is divided by 77?
75
What is the remainder when 632 is divided by 20?
12
Calculate the remainder when 7335 is divided by 131.
130
Calculate the remainder when 205 is divided by 11.
7
What is the remainder when 1523 is divided by 64?
51
Calculate the remainder when 1179 is divided by 59.
58
What is the remainder when 457 is divided by 112?
9
Calculate the remainder when 219 is divided by 13.
11
What is the remainder when 912 is divided by 92?
84
What is the remainder when 107 is divided by 68?
39
What is the remainder when 82 is divided by 31?
20
What is the remainder when 365 is divided by 348?
17
Calculate the remainder when 361 is divided by 115.
16
Calculate the remainder when 315 is divided by 106.
103
What is the remainder when 146 is divided by 4?
2
What is the remainder when 1089 is divided by 42?
39
Calculate the remainder when 94 is divided by 69.
25
Calculate the remainder when 1663 is divided by 45.
43
Calculate the remainder when 6717 is divided by 96.
93
Calculate the remainder when 801 is divided by 316.
169
Calculate the remainder when 203 is divided by 70.
63
Calculate the remainder when 676 is divided by 609.
67
What is the remainder when 15578 is divided by 19?
17
What is the remainder when 309 is divided by 148?
13
Calculate the remainder when 1623 is divided by 800.
23
Calculate the remainder when 304 is divided by 136.
32
Calculate the remainder when 552 is divided by 12.
0
Calculate the remainder when 537 is divided by 5.
2
Calculate the remainder when 1644 is divided by 9.
6
Calculate the remainder when 4189 is divided by 1393.
10
Calculate the remainder when 78 is divided by 31.
16
What is the remainder when 102 is divided by 40?
22
What is the remainder when 64 is divided by 26?
12
What is the remainder when 760 is divided by 134?
90
Calculate the remainder when 10118 is divided by 21.
17
What is the remainder when 178 is divided by 109?
69
What is the remainder when 3075 is divided by 22?
17
Calculate the remainder when 112 is divided by 58.
54
What is the remainder when 534 is divided by 49?
44
What is the remainder when 407 is divided by 41?
38
Calculate the remainder when 1999 is divided by 536.
391
Calculate the remainder when 88 is divided by 31.
26
Calculate the remainder when 316 is divided by 77.
8
Calculate the remainder when 1302 is divided by 426.
24
Calculate the remainder when 132 is divided by 16.
4
What is the remainder when 81 is divided by 27?
0
What is the remainder when 160 is divided by 18?
16
Calculate the remainder when 414 is divided by 39.
24
What is the remainder when 127 is divided by 46?
35
Calculate the remainder when 82 is divided by 12.
10
What is the remainder when 1507 is divided by 61?
43
What is the remainder when 84 is divided by 22?
18
Calculate the remainder when 2267 is divided by 65.
57
What is the remainder when 146 is divided by 37?
35
What is the remainder when 165 is divided by 12?
9
Calculate the remainder when 796 is divided by 145.
71
What is the remainder when 563 is divided by 92?
11
What is the remainder when 23 is divided by 14?
9
What is the remainder when 2275 is divided by 1134?
7
What is the remainder when 305 is divided by 23?
6
Calculate the remainder when 199 is divided by 24.
7
What is the remainder when 4710 is divided by 20?
10
What is the remainder when 130 is divided by 37?
19
Calculate the remainder when 386 is divided by 128.
2
Calculate the remainder when 298 is divided by 33.
1
What is the remainder when 795 is divided by 374?
47
What is the remainder when 112 is divided by 41?
30
What is the remainder when 831 is divided by 159?
36
What is the remainder when 482 is divided by 7?
6
Calculate the remainder when 149 is divided by 51.
47
What is the remainder when 426 is divided by 48?
42
Calculate the remainder when 176 is divided by 30.
26
What is the remainder when 179 is divided by 9?
8
Calculate the remainder when 1017 is divided by 10.
7
What is the remainder when 1273 is divided by 629?
15
What is the remainder when 412 is divided by 46?
44
Calculate the remainder when 1361 is divided by 124.
121
Calculate the remainder when 754 is divided by 18.
16
Calculate the remainder when 770 is divided by 378.
14
What is the remainder when 502 is divided by 67?
33
What is the remainder when 730 is divided by 105?
100
Calculate the remainder when 285 is divided by 10.
5
Calculate the remainder when 30 is divided by 23.
7
What is the remainder when 240 is divided by 57?
12
Calculate the remainder when 16 is divided by 4.
0
What is the remainder when 115 is divided by 32?
19
Calculate the remainder when 4044 is divided by 34.
32
What is the remainder when 602 is divided by 115?
27
What is the remainder when 272 is divided by 61?
28
What is the remainder when 205 is divided by 14?
9
Calculate the remainder when 77 is divided by 27.
23
What is the remainder when 180 is divided by 14?
12
What is the remainder when 118 is divided by 32?
22
What is the remainder when 29699 is divided by 100?
99
What is the remainder when 2792 is divided by 49?
48
Calculate the remainder when 214 is divided by 92.
30
Calculate the remainder when 749 is divided by 6.
5
What is the remainder when 94 is divided by 8?
6
What is the remainder when 12 is divided by 10?
2
What is the remainder when 278 is divided by 3?
2
What is the remainder when 279 is divided by 30?
9
What is the remainder when 56 is divided by 12?
8
Calculate the remainder when 2696 is divided by 180.
176
Calculate the remainder when 16347 is divided by 15.
12
What is the remainder when 5463 is divided by 289?
261
What is the remainder when 1577 is divided by 228?
209
What is the remainder when 1318 is divided by 439?
1
What is the remainder when 1067 is divided by 23?
9
What is the remainder when 66 is divided by 16?
2
What is the remainder when 456 is divided by 16?
8
What is the remainder when 1446 is divided by 24?
6
What is the remainder when 71 is divided by 41?
30
Calculate the remainder when 428 is divided by 86.
84
Calculate the remainder when 3600 is divided by 1797.
6
Calculate the remainder when 188 is divided by 21.
20
Calculate the remainder when 236 is divided by 37.
14
Calculate the remainder when 104 is divided by 46.
12
What is the remainder when 151 is divided by 81?
70
What is the remainder when 106 is divided by 86?
20
Calculate the remainder when 207 is divided by 97.
13
What is the remainder when 240 is divided by 119?
2
Calculate the remainder when 94 is divided by 5.
4
What is the remainder when 8464 is divided by 116?
112
Calculate the remainder when 27 is divided by 2.
1
What is the remainder when 277 is divided by 142?
135
What is the remainder when 515 is divided by 156?
47
What is the remainder when 18 is divided by 2?
0
What is the remainder when 609 is divided by 158?
135
Calculate the remainder when 63 is divided by 45.
18
What is the remainder when 188 is divided by 42?
20
Calculate the remainder when 1264 is divided by 352.
208
What is the remainder when 274 is divided by 29?
13
Calculate the remainder when 70 is divided by 9.
7
Calculate the remainder when 703 is divided by 32.
31
What is the remainder when 139 is divided by 32?
11
What is the remainder when 53 is divided by 20?
13
What is the remainder when 8564 is divided by 168?
164
What is the remainder when 5485 is divided by 31?
29
Calculate the remainder when 78671 is divided by 66.
65
What is the remainder when 3916 is divided by 3902?
14
Calculate the remainder when 32 is divided by 14.
4
Calculate the remainder when 3023 is divided by 126.
125
Calculate the remainder when 39 is divided by 14.
11
Calculate the remainder when 3208 is divided by 51.
46
Calculate the remainder when 86 is divided by 29.
28
Calculate the remainder when 301 is divided by 19.
16
What is the remainder when 64 is divided by 36?
28
Calculate the remainder when 156 is divided by 141.
15
Calculate the remainder when 152 is divided by 19.
0
Calculate the remainder when 317 is divided by 5.
2
Calculate the remainder when 624 is divided by 33.
30
What is the remainder when 219 is divided by 31?
2
Calculate the remainder when 4354 is divided by 12.
10
Cal